 thousands digit of 21130?
2
What is the thousands digit of 9937?
9
What is the units digit of 563?
3
What is the thousands digit of 39177?
9
What is the tens digit of 8940?
4
What is the ten thousands digit of 31587?
3
What is the hundreds digit of 1658?
6
What is the units digit of 3963?
3
What is the tens digit of 314?
1
What is the thousands digit of 4014?
4
What is the hundreds digit of 171?
1
What is the ten thousands digit of 32058?
3
What is the tens digit of 11864?
6
What is the hundreds digit of 9226?
2
What is the tens digit of 38392?
9
What is the tens digit of 918?
1
What is the units digit of 3143?
3
What is the hundred thousands digit of 198486?
1
What is the units digit of 3041?
1
What is the hundreds digit of 928?
9
What is the hundreds digit of 138480?
4
What is the units digit of 157402?
2
What is the hundreds digit of 2376?
3
What is the tens digit of 176698?
9
What is the tens digit of 2633?
3
What is the hundreds digit of 18381?
3
What is the units digit of 644?
4
What is the ten thousands digit of 45419?
4
What is the units digit of 47282?
2
What is the thousands digit of 2774?
2
What is the units digit of 102?
2
What is the tens digit of 28486?
8
What is the tens digit of 90179?
7
What is the ten thousands digit of 64304?
6
What is the thousands digit of 15182?
5
What is the ten thousands digit of 123630?
2
What is the tens digit of 2222?
2
What is the tens digit of 25830?
3
What is the units digit of 22669?
9
What is the tens digit of 12795?
9
What is the hundreds digit of 15115?
1
What is the tens digit of 1325?
2
What is the units digit of 955?
5
What is the units digit of 270?
0
What is the hundreds digit of 295?
2
What is the units digit of 1917?
7
What is the thousands digit of 29718?
9
What is the units digit of 26290?
0
What is the thousands digit of 2538?
2
What is the units digit of 51326?
6
What is the thousands digit of 9009?
9
What is the tens digit of 1267?
6
What is the tens digit of 7150?
5
What is the units digit of 1272?
2
What is the units digit of 3102?
2
What is the tens digit of 2604?
0
What is the hundreds digit of 46670?
6
What is the ten thousands digit of 19974?
1
What is the tens digit of 48447?
4
What is the ten thousands digit of 10117?
1
What is the tens digit of 423?
2
What is the hundreds digit of 5192?
1
What is the ten thousands digit of 14475?
1
What is the ten thousands digit of 55250?
5
What is the tens digit of 785?
8
What is the hundreds digit of 603?
6
What is the tens digit of 1302?
0
What is the hundreds digit of 5418?
4
What is the ten thousands digit of 117236?
1
What is the thousands digit of 140358?
0
What is the hundreds digit of 5749?
7
What is the tens digit of 2027?
2
What is the thousands digit of 108520?
8
What is the hundreds digit of 11388?
3
What is the tens digit of 32804?
0
What is the tens digit of 26?
2
What is the tens digit of 1694?
9
What is the units digit of 53?
3
What is the hundreds digit of 18230?
2
What is the tens digit of 27458?
5
What is the units digit of 52424?
4
What is the hundreds digit of 641?
6
What is the hundreds digit of 728?
7
What is the thousands digit of 46912?
6
What is the hundreds digit of 128917?
9
What is the hundreds digit of 25606?
6
What is the tens digit of 51107?
0
What is the units digit of 83?
3
What is the thousands digit of 3183?
3
What is the tens digit of 10183?
8
What is the hundreds digit of 1179?
1
What is the tens digit of 1410?
1
What is the thousands digit of 1289?
1
What is the ten thousands digit of 42818?
4
What is the units digit of 19792?
2
What is the units digit of 73964?
4
What is the units digit of 279?
9
What is the thousands digit of 1085?
1
What is the units digit of 2449?
9
What is the units digit of 111708?
8
What is the hundreds digit of 5869?
8
What is the hundreds digit of 1279?
2
What is the hundreds digit of 6563?
5
What is the thousands digit of 1514?
1
What is the hundreds digit of 544?
5
What is the ten thousands digit of 20637?
2
What is the units digit of 6919?
9
What is the hundreds digit of 2378?
3
What is the tens digit of 46710?
1
What is the units digit of 1665?
5
What is the units digit of 7991?
1
What is the hundreds digit of 446?
4
What is the tens digit of 1893?
9
What is the tens digit of 1698?
9
What is the hundreds digit of 122843?
8
What is the tens digit of 53942?
4
What is the hundreds digit of 45942?
9
What is the units digit of 11853?
3
What is the ten thousands digit of 13907?
1
What is the tens digit of 54385?
8
What is the thousands digit of 10320?
0
What is the hundreds digit of 2150?
1
What is the ten thousands digit of 60016?
6
What is the hundreds digit of 2753?
7
What is the units digit of 1182?
2
What is the tens digit of 201?
0
What is the hundreds digit of 5473?
4
What is the tens digit of 12218?
1
What is the tens digit of 4326?
2
What is the units digit of 53557?
7
What is the ten thousands digit of 23731?
2
What is the thousands digit of 2713?
2
What is the ten thousands digit of 45519?
4
What is the thousands digit of 1018?
1
What is the ten thousands digit of 39828?
3
What is the hundreds digit of 3813?
8
What is the ten thousands digit of 17226?
1
What is the hundreds digit of 19598?
5
What is the hundreds digit of 103284?
2
What is the thousands digit of 2099?
2
What is the ten thousands digit of 55211?
5
What is the tens digit of 4173?
7
What is the tens digit of 43101?
0
What is the units digit of 854?
4
What is the thousands digit of 38532?
8
What is the tens digit of 4330?
3
What is the units digit of 10394?
4
What is the thousands digit of 1310?
1
What is the hundreds digit of 1427?
4
What is the hundreds digit of 8027?
0
What is the thousands digit of 5898?
5
What is the thousands digit of 5491?
5
What is the tens digit of 1431?
3
What is the thousands digit of 23850?
3
What is the thousands digit of 26185?
6
What is the units digit of 42846?
6
What is the thousands digit of 2059?
2
What is the thousands digit of 1054?
1
What is the thousands digit of 2345?
2
What is the units digit of 733?
3
What is the units digit of 26583?
3
What is the tens digit of 1215?
1
What is the units digit of 1153?
3
What is the units digit of 1420?
0
What is the units digit of 9705?
5
What is the thousands digit of 7024?
7
What is the units digit of 949?
9
What is the tens digit of 606?
0
What is the tens digit of 4017?
1
What is the tens digit of 54060?
6
What is the hundreds digit of 39620?
6
What is the units digit of 898?
8
What is the thousands digit of 203403?
3
What is the thousands digit of 1651?
1
What is the units digit of 916?
6
What is the thousands digit of 8437?
8
What is the units digit of 7?
7
What is the thousands digit of 2559?
2
What is the hundreds digit of 4753?
7
What is the thousands digit of 2929?
2
What is the units digit of 1827?
7
What is the units digit of 1400?
0
What is the hundreds digit of 1889?
8
What is the thousands digit of 5760?
5
What is the units digit of 550?
0
What is the thousands digit of 8203?
8
What is the hundreds digit of 1431?
4
What is the thousands digit of 7087?
7
What is the hundreds digit of 300?
3
What is the tens digit of 729?
2
What is the tens digit of 2576?
7
What is the hundreds digit of 27826?
8
What is the thousands digit of 111638?
1
What is the tens digit of 2191?
9
What is the units digit of 5615?
5
What is the thousands digit of 171694?
1
What is the units digit of 793?
3
What is the tens digit of 55942?
4
What is the hundreds digit of 1304?
3
What is the thousands digit of 12020?
2
What is the units digit of 16558?
8
What is the units digit of 1124?
4
What is the units digit of 41005?
5
What is the tens digit of 805?
0
What is the units digit of 63739?
9
What is the thousands digit of 2507?
2
What is the tens digit of 1200?
0
What is the thousands digit of 2292?
2
What is the hundreds digit of 3039?
0
What is the tens digit of 92?
9
What is the tens digit of 3124?
2
What is the thousands digit of 2890?
2
What is the hundreds digit of 4659?
6
What is the thousands digit of 59291?
9
What is the hundreds digit of 1302?
3
What is the hundreds digit of 1794?
7
What is the thousands digit of 12541?
2
What is the units digit of 795?
5
What is the hundreds digit of 596?
5
What is the tens digit of 1247?
4
What